-389 = -s*t + 551. What is the units digit of t?
5
Let q = 229 - 216. What is the tens digit of (63 + 40)*(0 + q)?
3
Suppose -2*g = -0*g - 16. Let i(f) = 3 - 6*f + 13*f - g*f + 33*f**2. What is the tens digit of i(2)?
3
Suppose -5*i + 206 = -64. Let w be i/(-5)*80/24. Let m = w - -111. What is the tens digit of m?
7
Suppose 2*n - 4*y + 22 = 0, y = -4*n - 4*y - 44. Let m(f) = -56*f + 150. What is the hundreds digit of m(n)?
7
Let c(z) = 8*z**3 + 6*z**2 + 4*z + 4. Let m be c(-2). What is the tens digit of 7315/9 - m/198?
1
Suppose 0 = -u - h + 22, 10*u - 5*u - 5*h - 60 = 0. Suppose -u*c - 1825 + 5973 = 0. What is the hundreds digit of c?
2
Let g(v) = 8*v + 152. Let o be g(-19). Suppose o = -5*b - 2*c + 786, -6*c = -3*c - 9. What is the tens digit of b?
5
Suppose 0 = -8*c + 5*c + 12. Suppose -300 = -3*q + 5*x - c*x, 0 = -2*x - 6. What is the units digit of q?
9
Let y = -26 - -27. Let b(o) = 4*o**3 - y + o**3 + 4 - o**3 - 5*o. What is the units digit of b(3)?
6
Suppose -14055 = 26*o - 104994 - 5703. What is the thousands digit of o?
3
Suppose 374*k - 1853 = 357*k. Let x be 74*(-1)/4*2. Let j = k + x. What is the tens digit of j?
7
Let f(m) = 12334*m**3 - 2*m**2 + 122*m - 120. What is the units digit of f(1)?
4
Let p = -326 + 396. What is the hundreds digit of (-12)/15 + 65506/p?
9
Suppose -4*p = 4*o - 136, 3*p - o - 102 = -6*o. Let a = p + -46. Let k(g) = -6*g - 23. What is the units digit of k(a)?
9
Let w = 190 - 179. Suppose 9*h = w*h - 718. What is the tens digit of h?
5
Let g(z) be the second derivative of -47*z**3/6 + 15*z**2 - 59*z. What is the units digit of g(-6)?
2
Let a(n) = 64*n + 10. Let h be 1/(((-21)/6 - -3)*-1). Suppose -5*y = h*j - 1, -2*y = -j - 0*y + 5. What is the units digit of a(j)?
2
Let k = -8143 - -16398. What is the units digit of k?
5
Suppose 4*h - 95292 = 4*j, -6*h + 5*j = -9*h + 71533. What is the ten thousands digit of h?
2
Suppose 0*i + 328 = 2*i - w, -3*w = -6. Suppose -1824 = 157*v - i*v. What is the tens digit of v?
2
Suppose -4197 = 7*l - 3273. Suppose -2*o = o + 747. Let s = l - o. What is the hundreds digit of s?
1
Suppose 86*m + 8*m = -24*m + 1295404. What is the thousands digit of m?
0
Let u(z) = -5*z - 112. Let b be u(-22). What is the tens digit of (613/(-2) - b)/((-30)/40)?
0
Let p be 131 + (-1 + -3 - -10). Let j = p + -39. What is the tens digit of j?
9
Let q = 789 - 1554. What is the tens digit of (-76)/(-114)*q/(-2)?
5
Let w(c) = 777*c**2 + 74*c - 149. What is the units digit of w(2)?
7
Let a(y) = -16 + 35*y + 4 - 3. Let n be a(7). Suppose 4*w = 5*v - n, 0*w = -3*v + 4*w + 146. What is the units digit of v?
2
Let z(x) = -5736*x + 4384. What is the units digit of z(-8)?
2
Let d(j) = 24*j**2 + 17*j - 214. What is the units digit of d(17)?
1
Let g(m) = -m**3 + 12*m**2 - 7*m + 10. Let n be (7/4)/(117/36 - 3). What is the tens digit of g(n)?
0
Let u(q) = -q**3 - 21 - 13*q**2 - 12*q**3 - 12*q**3 + 24*q**3. What is the units digit of u(-14)?
5
Let w = -7699 - -14593. What is the tens digit of w?
9
Let l be 30/(-4)*352/(-6). Suppose 0*p - l = -5*p. What is the tens digit of p?
8
What is the hundreds digit of (17973/2)/(36/(-8) + 6)?
9
Let s = 901 + -437. Suppose -s - 61 = -n. What is the hundreds digit of n?
5
Let j(g) = -g**2 + 12*g + 20. Let m be j(7). Let t = m - 22. Suppose 2*s = w + 17 + 3, -3*w - t = -3*s. What is the units digit of s?
9
Let r be (-4 - 5)/27 - 52298/(-6). Suppose 31*z - 6381 - r = 0. What is the units digit of z?
7
Let v(c) = -6*c + 17. Let i be v(2). Suppose -1 + 16 = -i*w, 0 = 2*u + 5*w + 199. What is the hundreds digit of -18*(u/8 + 1)?
1
Suppose -826*z = -842*z + 161952. What is the thousands digit of z?
0
Let f(h) = -80*h - 6. Suppose 4*m - 3*m - 3 = 0, m - 1 = z. Let k be f(z). Let v = 232 + k. What is the tens digit of v?
6
Let m be (-1 - -7*1) + 20/(-10). Suppose 0 = 5*k - m*u + 1901, -5*k = 3*u + 1438 + 470. What is the tens digit of 1/(5/3) + k/(-15)?
2
Suppose 243*w - 238088 - 3063111 = 587287. What is the thousands digit of w?
6
Let m(a) = -4381*a + 26. What is the tens digit of m(-3)?
6
Suppose 0*s + 2*s = -4*y - 12, -s - 5 = y. Let r(h) = -170*h**3 - 5*h**2 - 5*h. What is the hundreds digit of r(y)?
1
Let h = 56285 - 37737. What is the thousands digit of h?
8
Suppose -92*q + 42 = -85*q. Let z(p) = 3*p**2 - 1. Let g be z(-2). What is the units digit of q/33 - (-372)/g?
4
Suppose -35*h = -27006 + 441. Suppose -4*p = 3*b - 1135, 3*b - b = -5*p + h. What is the tens digit of b?
7
Let q(s) = s**2 + 5*s + 4. Let a be q(-7). Let x = 18 - a. Suppose 70 = m + 4*h, x = -4*m + 2*h + 295 - 15. What is the units digit of m?
0
Let x(i) = 104*i - 11. Let d = -90 - -7. Let g = d - -86. What is the hundreds digit of x(g)?
3
Suppose 0 = 4*j - 7*j + 396. Let s be 232 + 2/2 - -1. Let z = s - j. What is the tens digit of z?
0
Suppose 466034 = -255*g + 298*g. What is the hundreds digit of g?
8
Let d(l) = l**2 + 28*l + 11. Let i be d(-14). Let t = i - -331. Suppose 0 = -5*j + t + 24. What is the tens digit of j?
3
Let b be -3*(1 - (-8)/(-3)). Suppose b*i - 935 = -5*w + 235, 2*w + 8 = 0. Let f = -115 + i. What is the hundreds digit of f?
1
Let p be ((-3)/4)/(81/(-216)). Suppose -r + 41 = -p*v - 45, -4*v = -r + 96. What is the units digit of r?
6
Let n(l) = 3*l**3 - 11*l**2 - 19*l + 90. What is the hundreds digit of n(8)?
7
Suppose -569*o + 571*o = 8578. What is the tens digit of o?
8
Let q be (4/(-10))/(14/(-105)). Let i = -36 + q. What is the tens digit of (100/(-6))/(11/i)?
5
Let h = -23192 + 30147. What is the units digit of h?
5
Let u = 154 + -154. What is the tens digit of -2 - -33 - (1 + u)?
3
Let q = -439 - -544. Suppose 16*d + q = 19*d. What is the tens digit of d?
3
Let h(v) be the third derivative of v**4/6 - 23*v**3/6 + 502*v**2. Let u(d) = -d + 12. Let x be u(5). What is the units digit of h(x)?
5
Suppose 9977 = 4*w + 385. What is the hundreds digit of w/6 + (-4)/(-3)?
4
Let p(i) = -13*i**2 - 36*i - 17. Let x(u) = -14*u**2 - 36*u - 22. Let s(r) = -4*p(r) + 3*x(r). What is the hundreds digit of s(5)?
4
Suppose -3*i - 11651 = -8*i + 3*m, 2343 = i + m. What is the units digit of i?
5
Suppose -a + 2*i - 3*i = 1, -11 = 4*a - 3*i. What is the units digit of -11 + 97 + (-1 - (-4 - a))?
7
Suppose 6*i - 60 = 12. Suppose 2690 = i*b + 1010. What is the hundreds digit of b?
1
What is the units digit of 564096/66 - (-5 + (-54)/(-11))?
7
Suppose 4*r = -3*s - 28 + 155, -2*r + 4*s + 36 = 0. Suppose 3*h - 23 = 4*q, 2*h - 2*q - 7 = h. Suppose 13*a = h*a + r. What is the units digit of a?
7
Let k(x) be the first derivative of x**4/12 - x**3/3 - 9*x**2 - 19*x + 13. Let c(r) be the first derivative of k(r). What is the tens digit of c(-10)?
0
Let w = -56615 - -95243. What is the hundreds digit of w?
6
Suppose -1630*z + 1629*z - 295658 = -5*u, -177402 = -3*u - 3*z. What is the thousands digit of u?
9
Suppose -3*d - 12578 = -z, -304*z + 307*z - 37694 = -d. What is the units digit of z?
6
Let r = 35836 - 14521. What is the thousands digit of r?
1
Let j = -2407 - -4430. Suppose 0 = 7*i - j - 2415. What is the tens digit of i?
3
What is the tens digit of (-4)/(252/(-1735867)) - (65/45 + -1)?
5
Suppose 3*a = -2 + 5. Let s be -3 + (a + -4 - -13). Suppose s*k - 131 = 2*k + 4*u, -5*k + 127 = -3*u. What is the units digit of k?
3
Let u be 1/12*-2 - (-1227)/18. Suppose 103 = 3*g - u. Suppose m - 4*m = -g. What is the units digit of m?
9
Suppose -42*l - 26 = -110. Suppose 0 = -p - l*v + 1517, -3*p + 6*v = 2*v - 4541. What is the units digit of p?
5
Let l(d) = -d**2 + 1. Let f be l(-1). Let k(j) be the first derivative of -j**4/4 - 2*j**3/3 + j**2/2 + 41*j + 384. What is the tens digit of k(f)?
4
Let j = 12 - 17. Let g be ((-4)/10)/((-5)/10)*j. What is the tens digit of g/(-7) + (-10276)/(-196)?
5
Let s(f) = 5*f - 2. Suppose d - 2*r - 8 = -d, 4*d - r = 7. Let t be s(d). Suppose 0 = t*z - 4*z + 34. What is the units digit of z?
4
Suppose -2*v + 19 = 9. Suppose -v*n + d = -n + 9, -3*n + 12 = 3*d. What is the tens digit of 30*(8 + 0*n/3)?
4
Let t = 1772 - 1215. Let n = t + -221. What is the units digit of n?
6
Let v = 29252 - 6140. Suppose -32*j + v = -8*j. What is the units digit of j?
3
Suppose 6*h = -7*h + 247. Suppose -16*m = -h*m + 1386. What is the units digit of m?
2
Let s = 4924 - 4964. Let v = -17 - 71. Let p 